{"id":259,"date":"2025-07-31T08:28:12","date_gmt":"2025-07-31T11:28:12","guid":{"rendered":"https:\/\/diariodocomercio.com.br\/mercado\/?page_id=259"},"modified":"2025-07-31T08:28:13","modified_gmt":"2025-07-31T11:28:13","slug":"ultimas-noticias","status":"publish","type":"page","link":"https:\/\/diariodocomercio.com.br\/mercado\/ultimas-noticias\/","title":{"rendered":"\u00daltimas Not\u00edcias"},"content":{"rendered":"","protected":false},"excerpt":{"rendered":"","protected":false},"author":1,"featured_media":0,"parent":0,"menu_order":0,"comment_status":"closed","ping_status":"closed","template":"page-ultimasnoticias.php","meta":{"_acf_changed":false,"footnotes":""},"class_list":["post-259","page","type-page","status-publish","hentry"],"acf":[],"yoast_head":"<title>\u00daltimas Not\u00edcias - Di\u00e1rio do Com\u00e9rcio<\/title>\n<meta name=\"robots\" content=\"index, follow, max-snippet:-1, max-image-preview:large, max-video-preview:-1\" \/>\n<link rel=\"canonical\" href=\"https:\/\/diariodocomercio.com.br\/mercado\/ultimas-noticias\/\" \/>\n<meta property=\"og:locale\" content=\"pt_BR\" \/>\n<meta property=\"og:type\" content=\"article\" \/>\n<meta property=\"og:title\" content=\"\u00daltimas Not\u00edcias - Di\u00e1rio do Com\u00e9rcio\" \/>\n<meta property=\"og:url\" content=\"https:\/\/diariodocomercio.com.br\/mercado\/ultimas-noticias\/\" \/>\n<meta property=\"og:site_name\" content=\"Di\u00e1rio do Com\u00e9rcio\" \/>\n<meta property=\"article:modified_time\" content=\"2025-07-31T11:28:13+00:00\" \/>\n<meta name=\"twitter:card\" content=\"summary_large_image\" \/>\n<script type=\"application\/ld+json\" class=\"yoast-schema-graph\">{\"@context\":\"https:\/\/schema.org\",\"@graph\":[{\"@type\":\"WebPage\",\"@id\":\"https:\/\/diariodocomercio.com.br\/mercado\/ultimas-noticias\/\",\"url\":\"https:\/\/diariodocomercio.com.br\/mercado\/ultimas-noticias\/\",\"name\":\"\u00daltimas Not\u00edcias - Di\u00e1rio do Com\u00e9rcio\",\"isPartOf\":{\"@id\":\"https:\/\/diariodocomercio.com.br\/mercado\/#website\"},\"datePublished\":\"2025-07-31T11:28:12+00:00\",\"dateModified\":\"2025-07-31T11:28:13+00:00\",\"breadcrumb\":{\"@id\":\"https:\/\/diariodocomercio.com.br\/mercado\/ultimas-noticias\/#breadcrumb\"},\"inLanguage\":\"pt-BR\",\"potentialAction\":[{\"@type\":\"ReadAction\",\"target\":[\"https:\/\/diariodocomercio.com.br\/mercado\/ultimas-noticias\/\"]}]},{\"@type\":\"BreadcrumbList\",\"@id\":\"https:\/\/diariodocomercio.com.br\/mercado\/ultimas-noticias\/#breadcrumb\",\"itemListElement\":[{\"@type\":\"ListItem\",\"position\":1,\"name\":\"In\u00edcio\",\"item\":\"https:\/\/diariodocomercio.com.br\/mercado\/\"},{\"@type\":\"ListItem\",\"position\":2,\"name\":\"\u00daltimas Not\u00edcias\"}]},{\"@type\":\"WebSite\",\"@id\":\"https:\/\/diariodocomercio.com.br\/mercado\/#website\",\"url\":\"https:\/\/diariodocomercio.com.br\/mercado\/\",\"name\":\"Di\u00e1rio do Com\u00e9rcio\",\"description\":\"\",\"potentialAction\":[{\"@type\":\"SearchAction\",\"target\":{\"@type\":\"EntryPoint\",\"urlTemplate\":\"https:\/\/diariodocomercio.com.br\/mercado\/?s={search_term_string}\"},\"query-input\":{\"@type\":\"PropertyValueSpecification\",\"valueRequired\":true,\"valueName\":\"search_term_string\"}}],\"inLanguage\":\"pt-BR\"}]}<\/script>","yoast_head_json":{"title":"\u00daltimas Not\u00edcias - Di\u00e1rio do Com\u00e9rcio","robots":{"index":"index","follow":"follow","max-snippet":"max-snippet:-1","max-image-preview":"max-image-preview:large","max-video-preview":"max-video-preview:-1"},"canonical":"https:\/\/diariodocomercio.com.br\/mercado\/ultimas-noticias\/","og_locale":"pt_BR","og_type":"article","og_title":"\u00daltimas Not\u00edcias - Di\u00e1rio do Com\u00e9rcio","og_url":"https:\/\/diariodocomercio.com.br\/mercado\/ultimas-noticias\/","og_site_name":"Di\u00e1rio do Com\u00e9rcio","article_modified_time":"2025-07-31T11:28:13+00:00","twitter_card":"summary_large_image","schema":{"@context":"https:\/\/schema.org","@graph":[{"@type":"WebPage","@id":"https:\/\/diariodocomercio.com.br\/mercado\/ultimas-noticias\/","url":"https:\/\/diariodocomercio.com.br\/mercado\/ultimas-noticias\/","name":"\u00daltimas Not\u00edcias - Di\u00e1rio do Com\u00e9rcio","isPartOf":{"@id":"https:\/\/diariodocomercio.com.br\/mercado\/#website"},"datePublished":"2025-07-31T11:28:12+00:00","dateModified":"2025-07-31T11:28:13+00:00","breadcrumb":{"@id":"https:\/\/diariodocomercio.com.br\/mercado\/ultimas-noticias\/#breadcrumb"},"inLanguage":"pt-BR","potentialAction":[{"@type":"ReadAction","target":["https:\/\/diariodocomercio.com.br\/mercado\/ultimas-noticias\/"]}]},{"@type":"BreadcrumbList","@id":"https:\/\/diariodocomercio.com.br\/mercado\/ultimas-noticias\/#breadcrumb","itemListElement":[{"@type":"ListItem","position":1,"name":"In\u00edcio","item":"https:\/\/diariodocomercio.com.br\/mercado\/"},{"@type":"ListItem","position":2,"name":"\u00daltimas Not\u00edcias"}]},{"@type":"WebSite","@id":"https:\/\/diariodocomercio.com.br\/mercado\/#website","url":"https:\/\/diariodocomercio.com.br\/mercado\/","name":"Di\u00e1rio do Com\u00e9rcio","description":"","potentialAction":[{"@type":"SearchAction","target":{"@type":"EntryPoint","urlTemplate":"https:\/\/diariodocomercio.com.br\/mercado\/?s={search_term_string}"},"query-input":{"@type":"PropertyValueSpecification","valueRequired":true,"valueName":"search_term_string"}}],"inLanguage":"pt-BR"}]}},"_links":{"self":[{"href":"https:\/\/diariodocomercio.com.br\/mercado\/wp-json\/wp\/v2\/pages\/259","targetHints":{"allow":["GET"]}}],"collection":[{"href":"https:\/\/diariodocomercio.com.br\/mercado\/wp-json\/wp\/v2\/pages"}],"about":[{"href":"https:\/\/diariodocomercio.com.br\/mercado\/wp-json\/wp\/v2\/types\/page"}],"author":[{"embeddable":true,"href":"https:\/\/diariodocomercio.com.br\/mercado\/wp-json\/wp\/v2\/users\/1"}],"replies":[{"embeddable":true,"href":"https:\/\/diariodocomercio.com.br\/mercado\/wp-json\/wp\/v2\/comments?post=259"}],"version-history":[{"count":1,"href":"https:\/\/diariodocomercio.com.br\/mercado\/wp-json\/wp\/v2\/pages\/259\/revisions"}],"predecessor-version":[{"id":260,"href":"https:\/\/diariodocomercio.com.br\/mercado\/wp-json\/wp\/v2\/pages\/259\/revisions\/260"}],"wp:attachment":[{"href":"https:\/\/diariodocomercio.com.br\/mercado\/wp-json\/wp\/v2\/media?parent=259"}],"curies":[{"name":"wp","href":"https:\/\/api.w.org\/{rel}","templated":true}]}}